hen q is divided by 84?
82
Let d(k) = 8*k + 23. Let y be d(-5). What is the remainder when (5 - 0) + y + 106 is divided by 6?
4
Suppose 3*s = 3*t - 51, -3*s - 4 = -s. Let r be -3*1 + (-4952)/(-8) + -10. Suppose 16*w + 142 = r. Calculate the remainder when w is divided by t.
14
Let s = -117 + 98. Let k = -96 - -197. Let w = s + k. Calculate the remainder when w is divided by 22.
16
Suppose 0 = 28*n - 30*n + 2, 6*u - 4*n = 212. What is the remainder when u is divided by 12?
0
Let c(x) = 6*x - 8. Suppose 58*t - 458245 = -453605. Calculate the remainder when t is divided by c(6).
24
What is the remainder when 39 - 40 - (-9908)/4 is divided by 3?
1
Let s(j) = -j**3 + 7*j**2 - 40*j + 217. Calculate the remainder when 477 is divided by s(6).
9
Suppose 2 = d - 3. Suppose -24 = -g + 3*y, 28 = g + 3*y - d*y. Let q = 120 + -49. Calculate the remainder when q is divided by g.
35
Calculate the remainder when 242 is divided by 1680/7 + (-11)/((-88)/(-16)).
4
Let d be -3 - (1 - -58) - 0. What is the remainder when 13/((-39)/(-135) + (-30)/(-675)) is divided by d/(-6) + (-6)/(-9)?
6
Suppose g + 2571 = 4*t + 2*g, g = -6*t + 3857. Calculate the remainder when 1296 is divided by t.
10
Suppose 0 = 2*k - 4*t - t - 100, -t = -3*k + 124. Suppose n - 5*u = k, -3*n - 6*u = -5*u - 40. Calculate the remainder when 38 is divided by n.
8
Let q(k) = 86*k + 536. Let a(r) = -57*r - 357. Let d(j) = 8*a(j) + 5*q(j). Calculate the remainder when 222 is divided by d(-8).
30
Let t(h) = h**2 + 11*h + 2. Let b be t(-11). Suppose 0 = b*g + 2*g - 144. What is the remainder when (-142*30/(-20))/(3/2) is divided by g?
34
Let x(i) = -5*i + 109. Let p be x(5). Let j = p + -82. Let r(s) = s + 4. Calculate the remainder when r(0) is divided by j.
0
What is the remainder when (2514/(-2095) + (-1)/(-5)*1)*-463 is divided by 141?
40
Let t = 12462 - 12441. Suppose -4*o - p = -199, -122 = -2*o + p + 3*p. Calculate the remainder when o is divided by t.
9
Suppose 5*p = -5*f + 163 + 12, -2*f = 4*p - 72. Let w = -18 + f. Suppose 534 - 57 = 9*h. Calculate the remainder when h is divided by w.
5
Let j be -39 + 3/4*4 - 0. Let f be (3 + j/15)*5. Suppose -3*h + 162 = f*y, h - 46 = y + 2*y. Calculate the remainder when h is divided by 14.
10
Suppose -10 = v - 5*n - 94, 321 = 4*v - 5*n. Calculate the remainder when 788 is divided by v.
77
Let d(r) = 8*r**2 + 41*r + 247. Calculate the remainder when d(-4) is divided by 2/(-3)*258/(-4).
39
Calculate the remainder when 100/1 - 4/(-8)*2 is divided by 15.
11
Let z = 564 + -568. What is the remainder when 236 is divided by 2332/44 + (z - 1)?
44
Let g = 708 + -712. What is the remainder when 65 is divided by 34 - 12/(-9)*3/g?
32
Suppose -73299*j = -73305*j + 3360. Calculate the remainder when j is divided by 179.
23
Let n(b) = 4*b**2 + 3*b - 3. Let w = -12732 + 12761. What is the remainder when n(-7) is divided by w?
27
Calculate the remainder when 85 is divided by 5 + (2 - (-51)/3).
13
Let s be -1 + (-9)/(18/(-8)). Suppose s*h - 24 = -4*o, 0 = -o - 5*h - 1 - 10. Suppose -2*l = 2*l - 100. Calculate the remainder when l is divided by o.
7
Let t(m) = 346*m - 46. What is the remainder when t(5) is divided by 8?
4
Let m = -23 + 35. Suppose 0 = 3*t + t - m. Let c = 678 - 674. Calculate the remainder when c is divided by t.
1
Let s be (-24)/18 + 112/3. Let w = 48 - s. Suppose -w*j + 42 = -9*j. What is the remainder when 63 is divided by j?
7
Suppose 0*u = 3*u - 15, -4*t = -u - 119. What is the remainder when t is divided by 8/(88/104 - (-4)/26)?
7
Suppose 39*s + 7 - 153 = 88. What is the remainder when 339 is divided by s?
3
Suppose 6*v + 338 = 416. Let h = 66 + 138. What is the remainder when h is divided by v?
9
Suppose 2*y = -2*c + 11080, -289*y + 287*y - c = -11081. Calculate the remainder when y is divided by 56.
53
Let q(h) = h**2 + 5*h - 3. Let g be q(-9). Let f = g + -31. Suppose -2*j = -3*v - 34, -2*j - 6 + 20 = f*v. Calculate the remainder when 75 is divided by j.
9
Let a(j) = -2*j**3 - 48*j**2 + 50*j + 103. Calculate the remainder when 1023 is divided by a(-25).
96
Suppose 4*q + 1580 = 24*q. Suppose 8*u = q + 881. What is the remainder when u is divided by 32?
24
Let c = 4 + -4. Suppose 11 = s - c*s - 2*r, r - 19 = -3*s. What is the remainder when 33 is divided by s?
5
Suppose -6*p + 2037 = 15*p. Suppose 41*f = 49*f - 2368. Calculate the remainder when f is divided by p.
5
Suppose 0 = 4*h - 79 - 13. Suppose -54 + 47 = 12*r - 187. What is the remainder when h is divided by r?
8
Let f be (45 - 1)/2 + -4 + 6. Suppose f = 7*v - 4. Suppose 0 = 3*k - 5*i - 65, v*k - 2*i = i + 83. What is the remainder when 37 is divided by k?
17
Let b = 1 + 1. Suppose 4*r = -2*w + 148, 121 + 74 = 5*r + 5*w. Suppose -5*x + a = -r, -x - 3*x = b*a - 28. Calculate the remainder when 26 is divided by x.
5
What is the remainder when 850 is divided by (35 - 29)*165/22?
40
Let t = -18090 + 18232. Calculate the remainder when t is divided by 35.
2
Let z(y) = 2*y - 6. Let w(h) = -1 - 79*h + 95*h - 11*h**2 + 2*h**3 + 4 - h**3. Calculate the remainder when w(11) is divided by z(10).
11
Let q = 24286 - 22048. What is the remainder when q is divided by 59?
55
Let a(w) = -7*w - 16. Let g be a(-3). Suppose g*j = -4*j + 81. What is the remainder when 31 is divided by j?
4
Calculate the remainder when (-656)/10496 + (1 - 16113/(-16)) is divided by 329.
21
Suppose -14*p + 8734 - 3456 = 0. What is the remainder when p is divided by 35?
27
What is the remainder when 1/(91443/(-9146) - -10) is divided by 16?
10
Suppose 13*g - 17*g + 488 = 0. Let u = g + -163. Let b = u + 104. Calculate the remainder when b is divided by 22.
19
Suppose -5*t - 643*z + 108 = -639*z, 2*t - 2*z - 36 = 0. Calculate the remainder when 55 is divided by t.
15
Suppose -24 = 4*j + 20. Let m be (-8 - j)*28/3. Let y = m + -20. Calculate the remainder when y is divided by 3.
2
What is the remainder when 706208/812 - 4/(-14) is divided by 46?
42
Let v = -29087 + 34568. What is the remainder when v is divided by 28?
21
Let v = 44 - 29. Let n = 91 - v. Let p(i) = -i + 30. Calculate the remainder when n is divided by p(10).
16
Suppose 36*z - 31*z = 0. Calculate the remainder when 5940/72*(2 - z) is divided by 55.
0
Suppose 3*b = -0*b + 78. Suppose -27 = 7*z - 2*z - l, -2*z - 2*l = 18. What is the remainder when (-92)/(-2) - (-5)/(-10)*z is divided by b?
23
Let u(l) = -2*l**3 - 51*l**2 + 121*l. What is the remainder when u(-28) is divided by 58?
10
Let v(o) be the second derivative of o**5/10 - o**4/2 - 11*o**3/6 + 27*o**2/2 - 4*o - 2. What is the remainder when 429 is divided by v(5)?
69
Let s(k) = -3*k + 39. Suppose -4*c + 3 = -33. Calculate the remainder when s(c) is divided by 5.
2
Let w be (-2)/((-2)/1) + -6. Let k(i) = -28*i + 7. What is the remainder when k(w) is divided by ((-1272)/2968 + ((-454)/(-112) - -1))*8?
36
Let t(n) = 2*n**2 + 38*n - 519. What is the remainder when t(48) is divided by 169?
167
Let m(d) = 58*d. Let f = -60916 + 60942. What is the remainder when m(4) is divided by f?
24
Let y(u) = -u**3 - 20*u**2 - 38*u - 28. Let b be y(-18). Suppose 3*t = -b*t + 77. Calculate the remainder when 20 is divided by t.
6
Let x(o) = -1. Let c(f) = -4*f - 5. Let q(a) = -c(a) - 5*x(a). Let k be q(8). Suppose 2*p - k = 34. Calculate the remainder when 74 is divided by p.
36
Suppose 38*i - 52808 = -23*i - 103*i. What is the remainder when i is divided by 28?
14
Suppose -r - 49 = -4*y, 106*r + y = 102*r - 111. Let h = r - -151. What is the remainder when h is divided by 31?
29
Suppose -3*z - 202*a + 198*a + 447 = 0, 141 = z + 4*a. Suppose 4*h + 2*u - 106 - 50 = 0, -6 = 3*u. What is the remainder when z is divided by h?
33
Let f = 10 + -6. Suppose -16*l = l + 6*l. Calculate the remainder when f is divided by (l + -1)*-3 + 38 + -40.
0
Suppose 0 = 293*f - 19*f - 177552. What is the remainder when f is divided by 54?
0
Let q(c) = -275*c - 117. Calculate the remainder when q(-4) is divided by 13.
8
Let s be (-3)/6 + (-177)/(-6). Let a = 44 - s. What is the remainder when (-5)/(a/(-309)) - (-2)/(-2) is divided by 15?
12
Let z = 20086 + -19792. What is the remainder when 317 is divided by z?
23
Calculate the remainder when -8 + 328/24 + -6 + (-33470)/(-15) is divided by 112.
103
Let c(m) = 25*m + 7. Let l be c(0). Suppose 4*d - l*d -